{"id":68,"date":"2022-11-03T15:37:16","date_gmt":"2022-11-03T15:37:16","guid":{"rendered":"https:\/\/sairistanbul.com\/?page_id=68"},"modified":"2023-09-25T18:35:54","modified_gmt":"2023-09-25T18:35:54","slug":"mesmerize","status":"publish","type":"page","link":"https:\/\/sairistanbul.com\/","title":{"rendered":"G\u0130R\u0130\u015e"},"content":{"rendered":"<div  id=\"overlappable-4\" style=\"background-color: #ffffff;\" data-label=\"Overlappable\" data-id=\"overlappable-4\" data-export-id=\"overlappable-4\" data-category=\"overlappable\" class=\"overlappable-4 content-section content-section-spacing\" data-overlap=\"true\"><div  class=\"gridContainer\"> <div  data-type=\"row\" class=\"row spaced-cols text-center\"><div  class=\"col-xs-12 col-sm-4 col-padding\"> <i  class=\"fa icon shadow-large-black aligncenter color1 fa-first-order reverse round large\"><\/i> <div  data-type=\"column\" class=\"\"> <h5  class=\"\">HER \u015eEYDE SANAT&nbsp;<\/h5> <p  class=\"\">Tasar\u0131m var, sanat var. \u0130yi tasar\u0131m uyumun toplam\u0131d\u0131r. Do\u011fa bir tasar\u0131m eseridir ve onu tasarlayandan daha iyi bir tasar\u0131mc\u0131 yoktur. Bir dal veya yapra\u011fa bakarsan\u0131z m\u00fckemmeldir. Hepsinin fonksiyonu ba\u015fka ba\u015fkad\u0131r. Sanat farkl\u0131d\u0131r. Sanat, g\u00fczellik ve duygu ile ilgilidir; ayn\u0131 zamanda sanat \u00e7o\u011funlukla ac\u0131 \u00e7ekmektir. Diane von F\u00fcrstenberg (Tasar\u0131mc\u0131)<\/p><\/div> <\/div> <div  class=\"col-xs-12 col-sm-4 col-padding\"> <i  class=\"fa icon shadow-large-black aligncenter color1 fa-tree reverse round large\"><\/i> <div  data-type=\"column\" class=\"\"><h5  class=\"\">HER YERDE SANAT<\/h5> <p  class=\"\">M\u00fczik bir bireysellik ifadesidir; d\u00fcnyay\u0131 b\u00f6yle g\u00f6r\u00fcyorsun, demektir. B\u00fct\u00fcn sanatlar da ayn\u0131d\u0131r, yani bireyseldir. D\u00fcnyay\u0131 nas\u0131l deneyimledi\u011finize bak\u0131yorsunuz ve d\u00fcnyan\u0131za ald\u0131\u011f\u0131n\u0131z nesneleri buna g\u00f6re yorumluyorsunuz; tabii d\u0131\u015far\u0131ya heykel, dans, \u015fiir veya \u015fark\u0131 gibi eserlerle ruh halinizi g\u00f6r\u00fcn\u00fcr hale getiriyorsunuz.  David Sanborn (M\u00fczisyen)<\/p><\/div> <\/div> <div  class=\"col-xs-12 col-sm-4 col-padding\"> <i  class=\"fa icon shadow-large-black aligncenter color1 fa-safari reverse round large\"><\/i> <div  data-type=\"column\" class=\"\"><h5  class=\"\">HER AN SANAT<\/h5> <p  class=\"\">Sanat\u0131n amac\u0131, g\u00fcnl\u00fck ya\u015fam\u0131n bula\u015fan tozlar\u0131n\u0131 ruhumuzdan temizlemektir. Pablo Picasso<\/p><\/div> <\/div><\/div> <\/div><\/div><div  id=\"about-1\" style=\"background-color: #f5fafd;\" data-label=\"About\" data-id=\"about-1\" data-export-id=\"about-1\" data-category=\"about\" class=\"about-1 content-section\"><div  class=\"gridContainer\"> <div  class=\"row text-center\"><div  class=\"section-title-col\" data-type=\"column\">  <h2  class=\"\">Hayat, silgisiz bir \u00e7izim sanat\u0131d\u0131r. \n<br ><br > John W. Gardner<\/h2> <p  class=\"lead\">Edebi sanat; ifadenin ihti\u015fam\u0131 ve metinlerdeki harflerin \u0131\u015f\u0131\u011f\u0131n\u0131n parlamas\u0131 gibi sadeliktir.  Walt Whitman<\/p><\/div> <\/div> <div  class=\"row\"> <div  class=\"button-holder space-bottom space-bottom-small\" data-type=\"column\"> <a  class=\"button color1\" href=\"#\">GET STARTED NOW<\/a><\/div> <div  class=\"col-xs bottom-xs flexbox image-group-bottom-3-img space-bottom-xs center-xs\"> <img  decoding=\"async\" class=\"left-img shadow-large-black\" data-size=\"500x300\" src=\"http:\/\/sairistanbul.com\/wp-content\/uploads\/2022\/11\/20210620_131948-scaled.jpg\" title=\"20210620_131948\" alt=\"\"> <img  decoding=\"async\" class=\"center-img shadow-large-black\" data-size=\"500x300\" src=\"http:\/\/sairistanbul.com\/wp-content\/uploads\/2022\/11\/cropped-birazistanbul_2.jpg\" title=\"cropped-birazistanbul_2.jpg\" alt=\"\"> <img  decoding=\"async\" class=\"right-img shadow-large-black\" data-size=\"500x300\" src=\"http:\/\/sairistanbul.com\/wp-content\/uploads\/2022\/11\/cropped-20220922_154647-scaled-1.jpg\" title=\"20220922_154647\" alt=\"\"><\/div> <\/div><\/div> <\/div><div  id=\"features-3\" style=\"background-color: #ffffff;\" data-label=\"Features\" data-id=\"features-12-card-bordered\" data-export-id=\"features-12-card-bordered\" data-category=\"features\" class=\"features-12-card-bordered content-section content-section-spacing \"><div  class=\"gridContainer\"> <div  class=\"row text-center\"><div  class=\"section-title-col\" data-type=\"column\"> <h2  class=\"\">\n&nbsp;Sanat d\u00fc\u015f\u00fcnebilen ger\u00e7e\u011fi g\u00f6rebilen toplumu anlayabilen insanlar\u0131n i\u015fidir. Lev Tolstoy<\/h2> <p  class=\"lead\">T\u00fcm sanatlar karde\u015ftir, hepsi de \u00f6tekilerin \u0131\u015f\u0131\u011f\u0131 alt\u0131nda ilerler.<\/p><\/div> <\/div> <div  class=\"row spaced-cols\" data-type=\"row\"> <div  class=\"col-sm-6\"> <div  class=\"card row-card bordered y-move\"> <div  class=\"row\"> <div  class=\"col-sm-fit icon-column\"> <i  class=\"fa icon fa-connectdevelop round bordered color2\"><\/i> <\/div> <div  class=\"col-sm\" data-type=\"column\"> <h5  class=\"color2\">\u0130NSTAGRAM<\/h5> <p  class=\"\">@sairistanbulsanatevii<\/p><\/div> <\/div><\/div> <\/div> <div  class=\"col-sm-6\"> <div  class=\"card row-card bordered y-move\"> <div  class=\"row\"> <div  class=\"col-sm-fit icon-column\"> <i  class=\"fa icon fa-codepen round bordered color2\"><\/i> <\/div> <div  class=\"col-sm\" data-type=\"column\"> <h5  class=\"color2\">\u0130NSTAGRAM\n<br >@cisil_cisil_oyku<\/h5> <\/div> <\/div><\/div> <\/div>  <\/div> <\/div><\/div><div  id=\"content-13\" style=\"background-color: #f5fafd;\" data-label=\"Content\" data-id=\"content-2\" data-export-id=\"content-2\" data-category=\"content\" class=\"content-2 content-section content-section-spacing\"><div > <div  class=\"row middle-xs\"><div  class=\"col-sm-5 bg-image shadow-large-black\" data-bg=\"image\" style=\"background-image: url(&quot;http:\/\/sairistanbul.com\/wp-content\/uploads\/2023\/03\/ICIMDEKI_BIZ-scaled.jpg&quot;);\"><\/div> <div  class=\"col-sm-7 full-col-left-padding full-col-right-padding\"> <div  class=\"row\"> <div  data-type=\"column\" class=\"space-bottom-small content-title-col\">   <p  class=\"\">G\u00fczel sanatlar; insan\u0131n elinin, kafas\u0131n\u0131n ve kalbinin birlikte \u00e7al\u0131\u015ft\u0131\u011f\u0131 \u015feylerdir. (Francis Bacon)<\/p><\/div> <\/div> <div  class=\"row spaced-cols \" data-type=\"row\">  <div  class=\"col-xs-6\" data-type=\"column\"> <\/div>   <\/div><\/div> <\/div><\/div> <\/div><div  id=\"content-14\" style=\"background-color: #ffffff;\" data-label=\"Content\" data-id=\"content-3\" data-export-id=\"content-3\" data-category=\"content\" class=\"content-3 content-section content-section-spacing\"><div > <div  class=\"row middle-xs\"><div  class=\"col-sm-7 full-col-left-padding full-col-right-padding\"> <div  class=\"row\"><div  data-type=\"column\" class=\"space-bottom-small content-title-col\"> <h5  class=\"\">CASE STUDY<\/h5> <h2  class=\"\">Sanat, bize hakikati bildiren bir yaland\u0131r.<\/h2> <p  class=\"\">Sanat uygarl\u0131\u011f\u0131n imzas\u0131d\u0131r. Beverly Hills<\/p><\/div> <\/div> <div  class=\"row spaced-cols\" data-type=\"row\">    <div  class=\"col-xs-6\" data-type=\"column\"> <\/div> <\/div><\/div> <div  class=\"col-sm-5 bg-image shadow-large-black revert-classes-holder\" data-bg=\"image\" style=\"background-image: url(&quot;http:\/\/sairistanbul.com\/wp-content\/uploads\/2022\/11\/20191018_1731330-scaled.jpg&quot;);\"><\/div><\/div> <\/div><\/div><div  id=\"portfolio-3\" style=\"background-color: #f5fafd;\" data-label=\"Portfolio\" data-id=\"portfolio-4\" data-export-id=\"portfolio-4\" data-category=\"portfolio\" class=\"portfolio-4 content-section content-section-spacing-top\"><div  class=\"\"> <div  class=\"row text-center\"><div  class=\"section-title-col\" data-type=\"column\"> <h2  class=\"\"> Sanat\u0131n vazifesi, tabiat\u0131 kopya etmek de\u011fil, tabiat\u0131 ifade etmektir. Honore de Balzac<\/h2> <\/div> <\/div> <div  data-type=\"row\" class=\"row\" data-fixed=\"true\"> <div  class=\"col-xs-12 col-sm-3 no-gutter-col\"> <div  class=\"contentswap-effect\" data-hover-fx=\"portfolio-4\"> <div  class=\"initial-image\"> <img  decoding=\"async\" data-size=\"542x360\" src=\"http:\/\/sairistanbul.com\/wp-content\/uploads\/2022\/11\/20210601_144209-scaled.jpg\"><\/div> <div  class=\"overlay bg-color1\"><\/div> <div  class=\"swap-inner col-xs-12\"> <div  class=\"row full-height-row middle-xs middle-sm\"> <div  class=\"col-xs-12 text-center content-holder\"> <a href=\"#\" target=\"_self\" rel=\"noopener\"><i  class=\"fa icon portfolio-icon fa-search big\" aria-hidden=\"true\"><\/i><\/a><\/div> <\/div><\/div> <\/div><\/div>  <div  class=\"col-xs-12 col-sm-3 no-gutter-col\"><div  class=\"contentswap-effect\" data-hover-fx=\"portfolio-4\"> <div  class=\"initial-image\"> <img  decoding=\"async\" data-size=\"542x360\" src=\"http:\/\/sairistanbul.com\/wp-content\/uploads\/2023\/03\/cropped-cisil-cisil-CERCEVE-scaled-1.jpg\"><\/div> <div  class=\"overlay bg-color1\"><\/div> <div  class=\"swap-inner col-xs-12\"> <div  class=\"row full-height-row middle-xs middle-sm\"> <div  class=\"col-xs-12 text-center content-holder\"> <a href=\"#\" target=\"_self\" rel=\"noopener\"><i  class=\"fa icon portfolio-icon fa-search big\" aria-hidden=\"true\"><\/i><\/a><\/div> <\/div><\/div> <\/div><\/div>   <div  class=\"col-xs-12 col-sm-3 no-gutter-col\"><div  class=\"contentswap-effect\" data-hover-fx=\"portfolio-4\"> <div  class=\"initial-image\"> <img  decoding=\"async\" data-size=\"542x360\" src=\"http:\/\/sairistanbul.com\/wp-content\/uploads\/2022\/11\/SAIRISTANBUL-SANATEVI-2.jpg\"><\/div> <div  class=\"overlay bg-color1\"><\/div> <div  class=\"swap-inner col-xs-12\"> <div  class=\"row full-height-row middle-xs middle-sm\"> <div  class=\"col-xs-12 text-center content-holder\"> <a href=\"#\" target=\"_self\" rel=\"noopener\"><i  class=\"fa icon portfolio-icon fa-search big\" aria-hidden=\"true\"><\/i><\/a><\/div> <\/div><\/div> <\/div><\/div> <div  class=\"col-xs-12 col-sm-3 no-gutter-col\"><div  class=\"contentswap-effect\" data-hover-fx=\"portfolio-4\"> <div  class=\"initial-image\"> <img  decoding=\"async\" data-size=\"542x360\" src=\"http:\/\/sairistanbul.com\/wp-content\/uploads\/2022\/11\/e486812b-f7d6-49fc-9382-683a87a49037.jpg\"><\/div> <div  class=\"overlay bg-color1\"><\/div> <div  class=\"swap-inner col-xs-12\"> <div  class=\"row full-height-row middle-xs middle-sm\"> <div  class=\"col-xs-12 text-center content-holder\"> <a href=\"#\" target=\"_self\" rel=\"noopener\"><i  class=\"fa icon portfolio-icon fa-search big\" aria-hidden=\"true\"><\/i><\/a><\/div> <\/div><\/div> <\/div><\/div> <div  class=\"col-xs-12 col-sm-3 no-gutter-col\"><div  class=\"contentswap-effect\" data-hover-fx=\"portfolio-4\"> <div  class=\"initial-image\"> <img  decoding=\"async\" data-size=\"542x360\" src=\"http:\/\/sairistanbul.com\/wp-content\/uploads\/2022\/11\/muglaresim1.jpg\"><\/div> <div  class=\"overlay bg-color1\"><\/div> <div  class=\"swap-inner col-xs-12\"> <div  class=\"row full-height-row middle-xs middle-sm\"> <div  class=\"col-xs-12 text-center content-holder\"> <a href=\"#\" target=\"_self\" rel=\"noopener\"><i  class=\"fa icon portfolio-icon fa-search big\" aria-hidden=\"true\"><\/i><\/a><\/div> <\/div><\/div> <\/div><\/div> <\/div><\/div> <\/div><div  id=\"testimonials-5\" style=\"background-color: #ffffff;\" data-label=\"Testimonials\" data-id=\"testimonials-5\" data-export-id=\"testimonials-5\" data-category=\"testimonials\" class=\"testimonials-5 content-section content-section-spacing\"><div  class=\"gridContainer\"> <div  class=\"row\"><div  data-type=\"column\" class=\"section-title-col\"> <h2  class=\"\">Ki\u015filik, sanat ve \u015fiirdeki her \u015feydir. Johann Wolfgang von Goethe <\/h2> <p  class=\"lead\">Soru sorma sanat\u0131 ve bilimi, t\u00fcm bilgilerin kayna\u011f\u0131d\u0131r. Thomas Berger<\/p><\/div> <\/div> <div  class=\"row spaced-cols content-center-sm\" data-type=\"row\"> <div  class=\"col-xs-12 col-sm-6 col-md-4\"> <div  class=\"card y-move bordered\" data-type=\"column\"> <i  class=\"fa fa-quote-right icon color1 small quotation-icon\"><\/i> <p  class=\"text-center\">T\u00fcm g\u00fczel sanatlar\u0131n \u00f6z\u00fc, t\u00fcm b\u00fcy\u00fck sanatlar\u0131n gereklili\u011fi \u015f\u00fckrand\u0131r. Friedrich Nietzsche<\/p> <img  decoding=\"async\" src=\"http:\/\/sairistanbul.com\/wp-content\/uploads\/2022\/11\/ozer.jpg\" class=\"round icon\" title=\"ozer\" alt=\"\"> <h6  class=\"\">Elmas \u00d6zer Ko\u00e7<\/h6> <p  class=\"small italic\">\u015eairistanbul Sanat Evi<\/p><\/div> <\/div> <div  class=\"col-xs-12 col-sm-6 col-md-4\"> <div  class=\"card y-move bordered\" data-type=\"column\"> <i  class=\"fa fa-quote-right icon color1 small quotation-icon\"><\/i> <p  class=\"text-center\">Sanat\u0131n basitlik ve sadeli\u011fi, onun karma\u015f\u0131kl\u0131\u011f\u0131 ve bilmecesidir.  Douglas Horton<\/p>   <p  class=\"small italic\">\u015eairistanbul Sanat Evi<\/p><\/div> <\/div> <div  class=\"col-xs-12 col-sm-6 col-md-4\"> <div  class=\"card y-move bordered\" data-type=\"column\"> <i  class=\"fa fa-quote-right icon color1 small quotation-icon\"><\/i> <p  class=\"text-center\">Bir halk\u0131n sanat\u0131, zihinlerinin ger\u00e7ek bir aynas\u0131d\u0131r. Jawaharlal Nehru<\/p>  <h6  class=\"\"><\/h6> <p  class=\"small italic\">Company name<\/p><img  decoding=\"async\" class=\"custom-image\" src=\"http:\/\/sairistanbul.com\/wp-content\/uploads\/2022\/11\/cropped-cropped-20211111_212209.jpg\" title=\"cropped-cropped-20211111_212209.jpg\" alt=\"\"><\/div> <\/div><\/div> <\/div><\/div><div  id=\"cta-1\" data-label=\"Cta\" data-id=\"cta-blue-section\" data-export-id=\"cta-blue-section\" data-category=\"cta\" class=\"cta-blue-section content-section content-section-spacing-medium bg-color1 white-text\"><div  class=\"gridContainer\"> <div  class=\"row middle-xs\"><div  class=\"col-sm-8 space-bottom-xs\" data-type=\"column\">  <a data-cp-link=\"1\" href=\"\/\/cinius.shop\/product\/cisil-cisil\" class=\"\" target=\"_self\" rel=\"noopener\"><img  decoding=\"async\" class=\"custom-image\" src=\"https:\/\/sairistanbul.com\/wp-content\/uploads\/2023\/03\/cisil-cisil-CERCEVE-scaled-1.jpg\" title=\"cisil-cisil-CERCEVE-scaled-1\" alt=\"\"><\/a><\/div> <div  class=\"col-sm-4 end-sm\" data-type=\"column\"><a class=\"link\" href=\"\/\/cinius.shop\/product\/cisil-cisil\" target=\"_self\" data-cp-link=\"1\" rel=\"noopener\">new link<\/a> <\/div> <\/div><\/div> <\/div><div  id=\"team-2\" style=\"background-color: #ffffff;\" data-label=\"Team\" data-id=\"team-2\" data-export-id=\"team-2\" data-category=\"team\" class=\"team-2 content-section content-section-spacing\"><div  class=\"gridContainer\"> <div  class=\"row text-center\"><div  class=\"section-title-col\" data-type=\"column\"> <h2  class=\"\">Sanat\u00e7\u0131lar\u0131m\u0131z<\/h2> <p  class=\"lead\">\u201cSahip olunmas\u0131 zorunlu tek \u015fey var: Ya yarad\u0131l\u0131\u015ftan ince bir ruhtur bu, ya da bilim ve sanatlar taraf\u0131ndan inceltilmi\u015f bir ruh.\u201d\n<br >Nietzsche<\/p><h1  class=\"\"><span  style=\"color: rgb(255, 255, 255); font-family: -apple-system, BlinkMacSystemFont, &quot;Segoe UI&quot;, Roboto, Oxygen, Oxygen-Sans, Ubuntu, Cantarell, &quot;Helvetica Neue&quot;, &quot;Open Sans&quot;, Arial, sans-serif; font-size: 19px; font-style: italic; font-weight: 400; background-color: rgb(44, 47, 52);\">Y\u00fcz\u00fcn\u00fc g\u00f6rmek i\u00e7in bir cam ayna kullan\u0131yorsun; ruhunu g\u00f6rmek i\u00e7in sanat eserlerini kullanabilirsin.&nbsp;<\/span><span  style=\"list-style: none; border: 0px; outline-style: none; outline-width: initial; color: rgb(255, 255, 255); font-family: -apple-system, BlinkMacSystemFont, &quot;Segoe UI&quot;, Roboto, Oxygen, Oxygen-Sans, Ubuntu, Cantarell, &quot;Helvetica Neue&quot;, &quot;Open Sans&quot;, Arial, sans-serif; font-size: 19px; font-style: italic; background-color: rgb(44, 47, 52);\"><span  style=\"list-style: none; border: 0px; outline-style: none; outline-width: initial; color: rgb(51, 102, 255);\">George Bernard Shaw&nbsp;<\/span><\/span><\/h1><\/div> <\/div> <div  class=\"row spaced-cols content-center-sm\" data-type=\"row\"> <div  class=\"col-sm-6 col-md-3\"> <div  class=\"card y-move no-padding bordered\"> <img  decoding=\"async\" class=\"face\" src=\"http:\/\/sairistanbul.com\/wp-content\/uploads\/2022\/11\/cropped-cropped-20191113_091819.jpg\" title=\"cropped-cropped-20191113_091819.jpg\" alt=\"\"> <div  data-type=\"column\" class=\"col-padding-small col-padding-small-xs description-container\"> <h4  class=\"font-500\">Elmas \u00d6zer Ko\u00e7<\/h4> <p  class=\"small\" style=\"font-style: italic;\">Job Title<\/p> <div  class=\"social-icons-group\" data-type=\"group\"> <a  href=\"#\"><i  class=\"gray fa icon fa-facebook-square small\"><\/i><\/a> <a  href=\"#\"><i  class=\"gray fa icon fa-twitter-square small\"><\/i><\/a> <a  href=\"#\"><i  class=\"gray fa icon fa-linkedin-square small\"><\/i><\/a> <a  href=\"#\"><i  class=\"gray fa icon fa-google-plus-square small\"><\/i><\/a><\/div> <\/div><\/div> <\/div>   <div  class=\"col-sm-6 col-md-3\"> <div  class=\"card y-move no-padding bordered\"> <a data-cp-link=\"1\" href=\"\/\/cinius.shop\/product\/cisil-cisil\" target=\"_self\" rel=\"noopener\" class=\"\"><img  decoding=\"async\" class=\"face\" src=\"http:\/\/sairistanbul.com\/wp-content\/uploads\/2023\/03\/cisil-cisil-CERCEVE-scaled-1.jpg\" title=\"cisil-cisil-CERCEVE-scaled-1\" alt=\"\"><\/a> <div  data-type=\"column\" class=\"col-padding-small col-padding-small-xs description-container\"> <h4  class=\"font-500\">Team Member<\/h4> <p  class=\"small\" style=\"font-style: italic;\">Job Title<\/p> <div  class=\"social-icons-group\" data-type=\"group\"> <a  href=\"#\"><i  class=\"gray fa icon fa-facebook-square small\"><\/i><\/a> <a  href=\"#\"><i  class=\"gray fa icon fa-twitter-square small\"><\/i><\/a> <a  href=\"#\"><i  class=\"gray fa icon fa-linkedin-square small\"><\/i><\/a> <a  href=\"#\"><i  class=\"gray fa icon fa-google-plus-square small\"><\/i><\/a><\/div> <\/div><\/div> <\/div> <div  class=\"col-sm-6 col-md-3\"> <div  class=\"card y-move no-padding bordered\"> <img  decoding=\"async\" class=\"face\" src=\"http:\/\/sairistanbul.com\/wp-content\/uploads\/2022\/11\/cropped-cropped-20211111_212209-1.jpg\" title=\"cropped-cropped-20211111_212209-1.jpg\" alt=\"\"> <div  data-type=\"column\" class=\"col-padding-small col-padding-small-xs description-container\"> <h4  class=\"font-500\">Team Member<\/h4> <p  class=\"small\" style=\"font-style: italic;\">\u0130nsan<\/p> <div  class=\"social-icons-group\" data-type=\"group\"> <a  href=\"#\"><i  class=\"gray fa icon fa-facebook-square small\"><\/i><\/a> <a  href=\"#\"><i  class=\"gray fa icon fa-twitter-square small\"><\/i><\/a> <a  href=\"#\"><i  class=\"gray fa icon fa-linkedin-square small\"><\/i><\/a> <a  href=\"#\"><i  class=\"gray fa icon fa-google-plus-square small\"><\/i><\/a><\/div> <\/div><\/div> <\/div> <div  class=\"col-sm-6 col-md-3\"> <div  class=\"card y-move no-padding bordered\"> <img  decoding=\"async\" class=\"face\" src=\"http:\/\/sairistanbul.com\/wp-content\/uploads\/2022\/11\/20221028_115313-scaled.jpg\" title=\"20221028_115313\" alt=\"\"> <div  data-type=\"column\" class=\"col-padding-small col-padding-small-xs description-container\"> <h4  class=\"font-500\">Team Member<\/h4> <p  class=\"small\" style=\"font-style: italic;\">Job Title<\/p> <div  class=\"social-icons-group\" data-type=\"group\"> <a  href=\"#\"><i  class=\"gray fa icon fa-facebook-square small\"><\/i><\/a> <a  href=\"#\"><i  class=\"gray fa icon fa-twitter-square small\"><\/i><\/a> <a  href=\"#\"><i  class=\"gray fa icon fa-linkedin-square small\"><\/i><\/a> <a  href=\"#\"><i  class=\"gray fa icon fa-google-plus-square small\"><\/i><\/a><\/div> <\/div><\/div> <\/div> <div  class=\"col-sm-6 col-md-3\"> <div  class=\"card y-move no-padding bordered\">  <div  data-type=\"column\" class=\"col-padding-small col-padding-small-xs description-container\"> <h4  class=\"font-500\">Team Member<\/h4> <p  class=\"small\" style=\"font-style: italic;\">Job Title<\/p> <div  class=\"social-icons-group\" data-type=\"group\"> <a  href=\"#\"><i  class=\"gray fa icon fa-facebook-square small\"><\/i><\/a> <a  href=\"#\"><i  class=\"gray fa icon fa-twitter-square small\"><\/i><\/a> <a  href=\"#\"><i  class=\"gray fa icon fa-linkedin-square small\"><\/i><\/a> <a  href=\"#\"><i  class=\"gray fa icon fa-google-plus-square small\"><\/i><\/a><\/div> <\/div><\/div> <\/div> <div  class=\"col-sm-6 col-md-3\"> <div  class=\"card y-move no-padding bordered\"> <img  decoding=\"async\" class=\"face\" src=\"http:\/\/sairistanbul.com\/wp-content\/uploads\/2022\/11\/23a53f8d-5412-4055-b2fd-84451808753c.jpg\" title=\"23a53f8d-5412-4055-b2fd-84451808753c\" alt=\"\"> <div  data-type=\"column\" class=\"col-padding-small col-padding-small-xs description-container\"> <h4  class=\"font-500\">Team Member<\/h4> <p  class=\"small\" style=\"font-style: italic;\">Job Title<\/p> <div  class=\"social-icons-group\" data-type=\"group\"> <a  href=\"#\"><i  class=\"gray fa icon fa-facebook-square small\"><\/i><\/a> <a  href=\"#\"><i  class=\"gray fa icon fa-twitter-square small\"><\/i><\/a> <a  href=\"#\"><i  class=\"gray fa icon fa-linkedin-square small\"><\/i><\/a> <a  href=\"#\"><i  class=\"gray fa icon fa-google-plus-square small\"><\/i><\/a><\/div> <\/div><\/div> <\/div><\/div> <\/div><\/div>","protected":false},"excerpt":{"rendered":"<p>HER \u015eEYDE SANAT&nbsp; Tasar\u0131m var, sanat var. \u0130yi tasar\u0131m uyumun toplam\u0131d\u0131r. Do\u011fa bir tasar\u0131m eseridir ve onu tasarlayandan daha iyi bir tasar\u0131mc\u0131 yoktur. Bir dal veya yapra\u011fa bakarsan\u0131z m\u00fckemmeldir. Hepsinin fonksiyonu ba\u015fka ba\u015fkad\u0131r. Sanat farkl\u0131d\u0131r. Sanat, g\u00fczellik ve duygu ile ilgilidir; ayn\u0131 zamanda sanat \u00e7o\u011funlukla ac\u0131 \u00e7ekmektir. Diane von F\u00fcrstenberg (Tasar\u0131mc\u0131) HER YERDE SANAT M\u00fczik&hellip; <br \/> <a class=\"read-more\" href=\"https:\/\/sairistanbul.com\/\">Devam\u0131<\/a><\/p>\n","protected":false},"author":1,"featured_media":0,"parent":0,"menu_order":0,"comment_status":"closed","ping_status":"closed","template":"page-templates\/homepage.php","meta":[],"_links":{"self":[{"href":"https:\/\/sairistanbul.com\/index.php?rest_route=\/wp\/v2\/pages\/68"}],"collection":[{"href":"https:\/\/sairistanbul.com\/index.php?rest_route=\/wp\/v2\/pages"}],"about":[{"href":"https:\/\/sairistanbul.com\/index.php?rest_route=\/wp\/v2\/types\/page"}],"author":[{"embeddable":true,"href":"https:\/\/sairistanbul.com\/index.php?rest_route=\/wp\/v2\/users\/1"}],"replies":[{"embeddable":true,"href":"https:\/\/sairistanbul.com\/index.php?rest_route=%2Fwp%2Fv2%2Fcomments&post=68"}],"version-history":[{"count":31,"href":"https:\/\/sairistanbul.com\/index.php?rest_route=\/wp\/v2\/pages\/68\/revisions"}],"predecessor-version":[{"id":361,"href":"https:\/\/sairistanbul.com\/index.php?rest_route=\/wp\/v2\/pages\/68\/revisions\/361"}],"wp:attachment":[{"href":"https:\/\/sairistanbul.com\/index.php?rest_route=%2Fwp%2Fv2%2Fmedia&parent=68"}],"curies":[{"name":"wp","href":"https:\/\/api.w.org\/{rel}","templated":true}]}}