{"id":6,"date":"2022-11-02T15:59:48","date_gmt":"2022-11-02T15:59:48","guid":{"rendered":"http:\/\/sairistanbul.com\/?page_id=6"},"modified":"2023-04-06T08:12:21","modified_gmt":"2023-04-06T08:12:21","slug":"hakkimizda","status":"publish","type":"page","link":"https:\/\/sairistanbul.com\/?page_id=6","title":{"rendered":"HAKKIMIZDA"},"content":{"rendered":"\n<p><em><strong>S\u00f6ylenecekler s\u00f6ylenmi\u015fti bir zamanlar&#8230; T\u00fckenecekler t\u00fcketilmi\u015f, ya\u015fanacaklar ya\u015fanm\u0131\u015ft\u0131&#8230; S\u00f6ylenmemi\u015flerin, ya\u015fanmam\u0131\u015flar\u0131n, t\u00fcketilmemi\u015flerin de \u00f6tesindeydi asl\u0131nda ya\u015fam. Biz h\u00e2l\u00e2 bir yerlerde hen\u00fcz s\u00f6ylenmemi\u015flerin, yap\u0131lmam\u0131\u015flar\u0131n ve de hen\u00fcz ya\u015fanmam\u0131\u015flar\u0131n izindeyiz. Bitmeyen bir a\u015fkla ya\u015fama sar\u0131lanlar\u0131n, &#8220;sanat\u0131 ya\u015fayas\u0131m var&#8221; diyenlerin yan\u0131nda, g\u00f6nl\u00fcnde, hecesindeyiz.<\/strong><\/em><\/p>\n\n\n\n<div class=\"wp-block-cover aligncenter is-light is-position-center-center\" style=\"min-height:575px\"><span aria-hidden=\"true\" class=\"wp-block-cover__background has-background-dim-100 has-background-dim has-background-gradient\" style=\"background:linear-gradient(135deg,rgb(249,72,72) 1%,rgb(179,22,22) 100%)\"><\/span><div class=\"wp-block-cover__inner-container\">\n<figure class=\"wp-block-image size-large\"><img decoding=\"async\" loading=\"lazy\" width=\"768\" height=\"1024\" src=\"https:\/\/sairistanbul.com\/wp-content\/uploads\/2022\/11\/muglaresim1-768x1024.jpg\" alt=\"\" class=\"wp-image-38\" srcset=\"https:\/\/sairistanbul.com\/wp-content\/uploads\/2022\/11\/muglaresim1-768x1024.jpg 768w, https:\/\/sairistanbul.com\/wp-content\/uploads\/2022\/11\/muglaresim1-225x300.jpg 225w, https:\/\/sairistanbul.com\/wp-content\/uploads\/2022\/11\/muglaresim1-1152x1536.jpg 1152w, https:\/\/sairistanbul.com\/wp-content\/uploads\/2022\/11\/muglaresim1-1024x1365.jpg 1024w, https:\/\/sairistanbul.com\/wp-content\/uploads\/2022\/11\/muglaresim1-810x1080.jpg 810w, https:\/\/sairistanbul.com\/wp-content\/uploads\/2022\/11\/muglaresim1.jpg 1200w\" sizes=\"(max-width: 768px) 100vw, 768px\" \/><\/figure>\n\n\n\n<div class=\"is-layout-flex wp-container-5 wp-block-columns alignwide\">\n<div class=\"is-layout-flow wp-block-column\" style=\"flex-basis:12%\">\n<div style=\"height:100px\" aria-hidden=\"true\" class=\"wp-block-spacer\"><\/div>\n<\/div>\n\n\n\n<div class=\"is-layout-flow wp-block-column\">\n<div style=\"height:100px\" aria-hidden=\"true\" class=\"wp-block-spacer\"><\/div>\n\n\n\n<p class=\"has-text-align-left has-text-color\" style=\"color:#fffffa;font-size:68px;line-height:1.2\">\u015eairistanbul Sanat Evi<\/p>\n\n\n\n<div class=\"is-layout-flex wp-block-buttons\">\n<div class=\"wp-block-button\"><a class=\"wp-block-button__link has-text-color has-background wp-element-button\" style=\"border-radius:3px;color:#00000a;background-color:#fffffa\">\u015eimdi oku<\/a><\/div>\n<\/div>\n\n\n\n<div style=\"height:100px\" aria-hidden=\"true\" class=\"wp-block-spacer\"><\/div>\n<\/div>\n\n\n\n<div class=\"is-layout-flow wp-block-column\" style=\"flex-basis:12%\">\n<div style=\"height:100px\" aria-hidden=\"true\" class=\"wp-block-spacer\"><\/div>\n<\/div>\n<\/div>\n<\/div><\/div>\n\n\n\n<figure class=\"wp-block-image size-large\"><img decoding=\"async\" loading=\"lazy\" width=\"1024\" height=\"768\" src=\"https:\/\/sairistanbul.com\/wp-content\/uploads\/2023\/03\/mugla_ev_salon-1024x768.jpg\" alt=\"\" class=\"wp-image-219\" srcset=\"https:\/\/sairistanbul.com\/wp-content\/uploads\/2023\/03\/mugla_ev_salon-1024x768.jpg 1024w, https:\/\/sairistanbul.com\/wp-content\/uploads\/2023\/03\/mugla_ev_salon-300x225.jpg 300w, https:\/\/sairistanbul.com\/wp-content\/uploads\/2023\/03\/mugla_ev_salon-768x576.jpg 768w, https:\/\/sairistanbul.com\/wp-content\/uploads\/2023\/03\/mugla_ev_salon-1536x1152.jpg 1536w, https:\/\/sairistanbul.com\/wp-content\/uploads\/2023\/03\/mugla_ev_salon-2048x1536.jpg 2048w, https:\/\/sairistanbul.com\/wp-content\/uploads\/2023\/03\/mugla_ev_salon-1440x1080.jpg 1440w\" sizes=\"(max-width: 1024px) 100vw, 1024px\" \/><\/figure>\n\n\n\n<figure class=\"wp-block-image size-large\"><img decoding=\"async\" loading=\"lazy\" width=\"1024\" height=\"768\" src=\"https:\/\/sairistanbul.com\/wp-content\/uploads\/2023\/03\/mugla_ev-1-1024x768.jpg\" alt=\"\" class=\"wp-image-217\" srcset=\"https:\/\/sairistanbul.com\/wp-content\/uploads\/2023\/03\/mugla_ev-1-1024x768.jpg 1024w, https:\/\/sairistanbul.com\/wp-content\/uploads\/2023\/03\/mugla_ev-1-300x225.jpg 300w, https:\/\/sairistanbul.com\/wp-content\/uploads\/2023\/03\/mugla_ev-1-768x576.jpg 768w, https:\/\/sairistanbul.com\/wp-content\/uploads\/2023\/03\/mugla_ev-1-1536x1152.jpg 1536w, https:\/\/sairistanbul.com\/wp-content\/uploads\/2023\/03\/mugla_ev-1-2048x1536.jpg 2048w, https:\/\/sairistanbul.com\/wp-content\/uploads\/2023\/03\/mugla_ev-1-1440x1080.jpg 1440w\" sizes=\"(max-width: 1024px) 100vw, 1024px\" \/><\/figure>\n\n\n\n<figure class=\"wp-block-image size-large\"><img decoding=\"async\" loading=\"lazy\" width=\"1024\" height=\"682\" src=\"https:\/\/sairistanbul.com\/wp-content\/uploads\/2023\/04\/84c24e29-1f80-432a-9c83-99e6dbb51677-1024x682.jpg\" alt=\"\" class=\"wp-image-328\" srcset=\"https:\/\/sairistanbul.com\/wp-content\/uploads\/2023\/04\/84c24e29-1f80-432a-9c83-99e6dbb51677-1024x682.jpg 1024w, https:\/\/sairistanbul.com\/wp-content\/uploads\/2023\/04\/84c24e29-1f80-432a-9c83-99e6dbb51677-300x200.jpg 300w, https:\/\/sairistanbul.com\/wp-content\/uploads\/2023\/04\/84c24e29-1f80-432a-9c83-99e6dbb51677-768x512.jpg 768w, https:\/\/sairistanbul.com\/wp-content\/uploads\/2023\/04\/84c24e29-1f80-432a-9c83-99e6dbb51677-1536x1023.jpg 1536w, https:\/\/sairistanbul.com\/wp-content\/uploads\/2023\/04\/84c24e29-1f80-432a-9c83-99e6dbb51677.jpg 1600w\" sizes=\"(max-width: 1024px) 100vw, 1024px\" \/><\/figure>\n","protected":false},"excerpt":{"rendered":"<p>S\u00f6ylenecekler s\u00f6ylenmi\u015fti bir zamanlar&#8230; T\u00fckenecekler t\u00fcketilmi\u015f, ya\u015fanacaklar ya\u015fanm\u0131\u015ft\u0131&#8230; S\u00f6ylenmemi\u015flerin, ya\u015fanmam\u0131\u015flar\u0131n, t\u00fcketilmemi\u015flerin de \u00f6tesindeydi asl\u0131nda ya\u015fam. Biz h\u00e2l\u00e2 bir yerlerde hen\u00fcz s\u00f6ylenmemi\u015flerin, yap\u0131lmam\u0131\u015flar\u0131n ve de hen\u00fcz ya\u015fanmam\u0131\u015flar\u0131n izindeyiz. Bitmeyen bir a\u015fkla ya\u015fama sar\u0131lanlar\u0131n, &#8220;sanat\u0131 ya\u015fayas\u0131m var&#8221; diyenlerin yan\u0131nda, g\u00f6nl\u00fcnde, hecesindeyiz.<\/p>\n","protected":false},"author":1,"featured_media":0,"parent":0,"menu_order":0,"comment_status":"closed","ping_status":"closed","template":"","meta":[],"_links":{"self":[{"href":"https:\/\/sairistanbul.com\/index.php?rest_route=\/wp\/v2\/pages\/6"}],"collection":[{"href":"https:\/\/sairistanbul.com\/index.php?rest_route=\/wp\/v2\/pages"}],"about":[{"href":"https:\/\/sairistanbul.com\/index.php?rest_route=\/wp\/v2\/types\/page"}],"author":[{"embeddable":true,"href":"https:\/\/sairistanbul.com\/index.php?rest_route=\/wp\/v2\/users\/1"}],"replies":[{"embeddable":true,"href":"https:\/\/sairistanbul.com\/index.php?rest_route=%2Fwp%2Fv2%2Fcomments&post=6"}],"version-history":[{"count":7,"href":"https:\/\/sairistanbul.com\/index.php?rest_route=\/wp\/v2\/pages\/6\/revisions"}],"predecessor-version":[{"id":329,"href":"https:\/\/sairistanbul.com\/index.php?rest_route=\/wp\/v2\/pages\/6\/revisions\/329"}],"wp:attachment":[{"href":"https:\/\/sairistanbul.com\/index.php?rest_route=%2Fwp%2Fv2%2Fmedia&parent=6"}],"curies":[{"name":"wp","href":"https:\/\/api.w.org\/{rel}","templated":true}]}}